{"id":301,"date":"2024-12-04T06:39:56","date_gmt":"2024-12-04T06:39:56","guid":{"rendered":"https:\/\/omni.4b.pt\/?page_id=301"},"modified":"2026-03-30T11:34:35","modified_gmt":"2026-03-30T11:34:35","slug":"quem-somos","status":"publish","type":"page","link":"https:\/\/omni.4b.pt\/index.php\/quem-somos\/","title":{"rendered":"Quem somos"},"content":{"rendered":"<section class=\"bde-section-301-151 bde-section\">\n  \n\t\n\n\n\n<div class=\"section-container\"><div class=\"bde-columns-301-152 bde-columns\"><div class=\"bde-column-301-153 bde-column\">\n  \n\t\n\n\n\n<div class=\"bde-div-301-253 bde-div\">\n  \n\t\n\n\n\n<h2 class=\"bde-heading-301-154 bde-heading\">\nQuem Somos\n<\/h2><div class=\"bde-rich-text-301-155 bde-rich-text breakdance-rich-text-styles\">\n<p>A Omnirehab desenvolve a sua atividade no setor da constru\u00e7\u00e3o com foco exclusivo na reabilita\u00e7\u00e3o e renova\u00e7\u00e3o de estruturas e edif\u00edcios industriais existentes.<\/p>\n<p>A nossa atua\u00e7\u00e3o assenta numa abordagem t\u00e9cnica rigorosa, desde o diagn\u00f3stico inicial at\u00e9 \u00e0 execu\u00e7\u00e3o final, garantindo solu\u00e7\u00f5es adequadas \u00e0s patologias construtivas identificadas e \u00e0s exig\u00eancias de cada projeto.<\/p>\n<\/div>\n<\/div>\n<\/div><div class=\"bde-column-301-158 bde-column\">\n  \n\t\n\n\n\n<img decoding=\"async\" class=\"bde-image2-301-159 bde-image2\" src=\"http:\/\/omni.4b.pt\/wp-content\/uploads\/2026\/03\/Fence_Billboard_Mockup_2-scaled.jpg\" loading=\"lazy\" srcset=\"https:\/\/omni.4b.pt\/wp-content\/uploads\/2026\/03\/Fence_Billboard_Mockup_2-scaled.jpg 2560w, https:\/\/omni.4b.pt\/wp-content\/uploads\/2026\/03\/Fence_Billboard_Mockup_2-300x225.jpg 300w, https:\/\/omni.4b.pt\/wp-content\/uploads\/2026\/03\/Fence_Billboard_Mockup_2-1024x768.jpg 1024w, https:\/\/omni.4b.pt\/wp-content\/uploads\/2026\/03\/Fence_Billboard_Mockup_2-768x576.jpg 768w, https:\/\/omni.4b.pt\/wp-content\/uploads\/2026\/03\/Fence_Billboard_Mockup_2-1536x1152.jpg 1536w, https:\/\/omni.4b.pt\/wp-content\/uploads\/2026\/03\/Fence_Billboard_Mockup_2-2048x1536.jpg 2048w\" sizes=\"(max-width: 2560px) 100vw, 2560px\"><\/img>\n<\/div><\/div><\/div>\n<\/section><section class=\"bde-section-301-216 bde-section\">\n  \n\t\n\n\n\n<div class=\"section-container\"><div class=\"bde-columns-301-217 bde-columns\"><div class=\"bde-column-301-218 bde-column\">\n  \n\t\n\n\n\n<div class=\"bde-div-301-221 bde-div\">\n  \n\t\n\n\n\n<div class=\"bde-basicslider-301-222 bde-basicslider\">\n<div class=\"breakdance-swiper-wrapper\" data-swiper-id=\"222\">\n    <div class=\"swiper\">\n      <div class=\"swiper-wrapper\">\n      \n\t                    \n        <div class=\"swiper-slide\">\n          <div class=\"bde-basicslider__slide\">\n              <div class=\"bde-basicslider__content\">\n                          <h3 class=\"bde-basicslider__title\">A Nossa Hist\u00f3ria<\/h3>\n                                    <div class=\"bde-basicslider__text\">\n              <p>Fundada em 2024, a Omnirehab surge da convic\u00e7\u00e3o de que a renova\u00e7\u00e3o e a reabilita\u00e7\u00e3o s\u00e3o pilares fundamentais para o futuro do setor da constru\u00e7\u00e3o.<\/p>\n<p>Num contexto onde a sustentabilidade, a efici\u00eancia e a valoriza\u00e7\u00e3o das infraestruturas existentes ganham cada vez mais relev\u00e2ncia, nasce uma empresa focada em prolongar a vida \u00fatil dos edif\u00edcios e infraestruturas.<\/p>\n            <\/div>\n                                    <\/div>\n\n\t\t\t\t\t\t\n          <\/div>\n        <\/div>\n       \n\t                    \n        <div class=\"swiper-slide\">\n          <div class=\"bde-basicslider__slide\">\n              <div class=\"bde-basicslider__content\">\n                          <h3 class=\"bde-basicslider__title\">O Nosso Compromisso<\/h3>\n                                    <div class=\"bde-basicslider__text\">\n              <ul>\n<li aria-level=\"1\"><b>Planeamento rigoroso<\/b><\/li>\n<li aria-level=\"1\"><b>Qualidade t\u00e9cnica e construtiva<\/b><\/li>\n<li aria-level=\"1\"><b>Cumprimento de prazos e normas<\/b><\/li>\n<li aria-level=\"1\"><b>Seguran\u00e7a em todas as obras<\/b><\/li>\n<\/ul>\n            <\/div>\n                                    <\/div>\n\n\t\t\t\t\t\t\n          <\/div>\n        <\/div>\n       \n      <\/div>\n    <\/div>\n                <div class=\"swiper-button-prev\">\n            \n        <\/div>\n        <div class=\"swiper-button-next\">\n            \n        <\/div>\n    \n    \n<\/div>\n\n<\/div>\n<\/div>\n<\/div><div class=\"bde-column-301-219 bde-column\">\n  \n\t\n\n\n\n<img decoding=\"async\" class=\"bde-image2-301-220 bde-image2\" src=\"http:\/\/omni.4b.pt\/wp-content\/uploads\/2026\/03\/historia-scaled.png\" loading=\"lazy\" srcset=\"https:\/\/omni.4b.pt\/wp-content\/uploads\/2026\/03\/historia-scaled.png 2560w, https:\/\/omni.4b.pt\/wp-content\/uploads\/2026\/03\/historia-300x200.png 300w, https:\/\/omni.4b.pt\/wp-content\/uploads\/2026\/03\/historia-1024x683.png 1024w, https:\/\/omni.4b.pt\/wp-content\/uploads\/2026\/03\/historia-768x512.png 768w, https:\/\/omni.4b.pt\/wp-content\/uploads\/2026\/03\/historia-1536x1024.png 1536w, https:\/\/omni.4b.pt\/wp-content\/uploads\/2026\/03\/historia-2048x1365.png 2048w\" sizes=\"(max-width: 2560px) 100vw, 2560px\"><\/img>\n<\/div><\/div><\/div>\n<\/section><section class=\"bde-section-301-160 bde-section\">\n  \n\t\n\n\n\n<div class=\"section-container\"><div class=\"bde-advancedslider-301-161 bde-advancedslider\">\n<div class=\"breakdance-swiper-wrapper\" data-swiper-id=\"161\">\n  <div class=\"swiper\">\n    <div class=\"swiper-wrapper\">\n      <div class=\"bde-advancedslide-301-162 bde-advancedslide swiper-slide\">\n<div class=\"advanced-slider__slide\">\n  <div class=\"bde-columns-301-163 bde-columns\"><div class=\"bde-column-301-164 bde-column\">\n  \n\t\n\n\n\n<img decoding=\"async\" class=\"bde-image2-301-165 bde-image2\" src=\"http:\/\/omni.4b.pt\/wp-content\/uploads\/2026\/03\/missao.png\" loading=\"lazy\" srcset=\"https:\/\/omni.4b.pt\/wp-content\/uploads\/2026\/03\/missao.png 1366w, https:\/\/omni.4b.pt\/wp-content\/uploads\/2026\/03\/missao-300x224.png 300w, https:\/\/omni.4b.pt\/wp-content\/uploads\/2026\/03\/missao-1024x765.png 1024w, https:\/\/omni.4b.pt\/wp-content\/uploads\/2026\/03\/missao-768x573.png 768w\" sizes=\"(max-width: 1366px) 100vw, 1366px\"><\/img>\n<\/div><div class=\"bde-column-301-166 bde-column\">\n  \n\t\n\n\n\n<div class=\"bde-div-301-167 bde-div\">\n  \n\t\n\n\n\n<h2 class=\"bde-heading-301-168 bde-heading\">\nMiss\u00e3o\n<\/h2><div class=\"bde-text-301-223 bde-text\">\nO que nos move todos os dias\n<\/div><div class=\"bde-rich-text-301-169 bde-rich-text breakdance-rich-text-styles\">\n<p><b><\/b><span style=\"font-weight: 400;\">Garantir seguran\u00e7a, efici\u00eancia e longevidade de edif\u00edcios e estruturas, atrav\u00e9s de solu\u00e7\u00f5es t\u00e9cnicas baseadas em inova\u00e7\u00e3o, rigor e excel\u00eancia operacional.<\/span><\/p>\n<\/div>\n<\/div>\n<\/div><\/div>\n<\/div>\n<\/div><div class=\"bde-advancedslide-301-224 bde-advancedslide swiper-slide\">\n<div class=\"advanced-slider__slide\">\n  <div class=\"bde-columns-301-225 bde-columns\"><div class=\"bde-column-301-228 bde-column\">\n  \n\t\n\n\n\n<div class=\"bde-div-301-229 bde-div\">\n  \n\t\n\n\n\n<h2 class=\"bde-heading-301-230 bde-heading\">\nVIS\u00c3O\n<\/h2><div class=\"bde-text-301-231 bde-text\">\nO futuro que queremos construir\n<\/div><div class=\"bde-rich-text-301-232 bde-rich-text breakdance-rich-text-styles\">\n<p><b><\/b><span style=\"font-weight: 400;\">Ser refer\u00eancia nacional em manuten\u00e7\u00e3o e reabilita\u00e7\u00e3o, reconhecida pela capacidade de resolver desafios complexos com qualidade superior.<\/span><\/p>\n<\/div>\n<\/div>\n<\/div><div class=\"bde-column-301-226 bde-column\">\n  \n\t\n\n\n\n<img decoding=\"async\" class=\"bde-image2-301-227 bde-image2\" src=\"http:\/\/omni.4b.pt\/wp-content\/uploads\/2026\/03\/visao-scaled.jpg\" loading=\"lazy\" srcset=\"https:\/\/omni.4b.pt\/wp-content\/uploads\/2026\/03\/visao-scaled.jpg 2560w, https:\/\/omni.4b.pt\/wp-content\/uploads\/2026\/03\/visao-300x200.jpg 300w, https:\/\/omni.4b.pt\/wp-content\/uploads\/2026\/03\/visao-1024x684.jpg 1024w, https:\/\/omni.4b.pt\/wp-content\/uploads\/2026\/03\/visao-768x513.jpg 768w, https:\/\/omni.4b.pt\/wp-content\/uploads\/2026\/03\/visao-1536x1025.jpg 1536w, https:\/\/omni.4b.pt\/wp-content\/uploads\/2026\/03\/visao-2048x1367.jpg 2048w\" sizes=\"(max-width: 2560px) 100vw, 2560px\"><\/img>\n<\/div><\/div>\n<\/div>\n<\/div><div class=\"bde-advancedslide-301-233 bde-advancedslide swiper-slide\">\n<div class=\"advanced-slider__slide\">\n  <div class=\"bde-columns-301-234 bde-columns\"><div class=\"bde-column-301-235 bde-column\">\n  \n\t\n\n\n\n<img decoding=\"async\" class=\"bde-image2-301-236 bde-image2\" src=\"http:\/\/omni.4b.pt\/wp-content\/uploads\/2026\/03\/valores-scaled.jpg\" loading=\"lazy\" srcset=\"https:\/\/omni.4b.pt\/wp-content\/uploads\/2026\/03\/valores-scaled.jpg 2560w, https:\/\/omni.4b.pt\/wp-content\/uploads\/2026\/03\/valores-300x200.jpg 300w, https:\/\/omni.4b.pt\/wp-content\/uploads\/2026\/03\/valores-1024x683.jpg 1024w, https:\/\/omni.4b.pt\/wp-content\/uploads\/2026\/03\/valores-768x512.jpg 768w, https:\/\/omni.4b.pt\/wp-content\/uploads\/2026\/03\/valores-1536x1024.jpg 1536w, https:\/\/omni.4b.pt\/wp-content\/uploads\/2026\/03\/valores-2048x1365.jpg 2048w\" sizes=\"(max-width: 2560px) 100vw, 2560px\"><\/img>\n<\/div><div class=\"bde-column-301-237 bde-column\">\n  \n\t\n\n\n\n<div class=\"bde-div-301-238 bde-div\">\n  \n\t\n\n\n\n<h2 class=\"bde-heading-301-239 bde-heading\">\nvalores\n<\/h2><div class=\"bde-text-301-240 bde-text\">\nOs princ\u00edpios que nos guiam\n<\/div><div class=\"bde-text-301-242 bde-text\">\nINOVA\u00c7\u00c3O\n<\/div><div class=\"bde-text-301-243 bde-text\">\nEXCEL\u00caNCIA\n<\/div><div class=\"bde-text-301-244 bde-text\">\nSEGURAN\u00c7A\n<\/div><div class=\"bde-text-301-245 bde-text\">\nPROFISSIONALISMO\n<\/div>\n<\/div>\n<\/div><\/div>\n<\/div>\n<\/div>\n    <\/div>\n  <\/div>\n\n              <div class=\"swiper-button-prev\">\n            \n        <\/div>\n        <div class=\"swiper-button-next\">\n            \n        <\/div>\n    \n    \n<\/div>\n\n<\/div><\/div>\n<\/section><section class=\"bde-section-301-186 bde-section\">\n  \n\t\n\n\n\n<div class=\"section-container\"><div class=\"bde-columns-301-246 bde-columns\"><div class=\"bde-column-301-247 bde-column\">\n  \n\t\n\n\n\n<div class=\"bde-simple-counter-301-250 bde-simple-counter\">\n<div class=\"bde-simple-counter__wrapper\">\n  <p class=\"bde-simple-counter__number bde-h6\">\n    <span class=\"bde-simple-counter__prefix\">+<\/span>\n    <span class=\"bde-simple-counter__digit js-digit\"><\/span>\n    <span class=\"bde-simple-counter__suffix\"><\/span>\n  <\/p>\n    \t<div class=\"bde-simple-counter__title\" >ANOS DE EXPERI\u00caNCIA<\/div>\n  <\/div>\n\n<\/div>\n<\/div><div class=\"bde-column-301-248 bde-column\">\n  \n\t\n\n\n\n<div class=\"bde-simple-counter-301-251 bde-simple-counter\">\n<div class=\"bde-simple-counter__wrapper\">\n  <p class=\"bde-simple-counter__number bde-h6\">\n    <span class=\"bde-simple-counter__prefix\">+<\/span>\n    <span class=\"bde-simple-counter__digit js-digit\"><\/span>\n    <span class=\"bde-simple-counter__suffix\"><\/span>\n  <\/p>\n    \t<div class=\"bde-simple-counter__title\" >PROFISSIONAIS ESPECIALIZADOS<\/div>\n  <\/div>\n\n<\/div>\n<\/div><div class=\"bde-column-301-249 bde-column\">\n  \n\t\n\n\n\n<div class=\"bde-simple-counter-301-252 bde-simple-counter\">\n<div class=\"bde-simple-counter__wrapper\">\n  <p class=\"bde-simple-counter__number bde-h6\">\n    <span class=\"bde-simple-counter__prefix\">+<\/span>\n    <span class=\"bde-simple-counter__digit js-digit\"><\/span>\n    <span class=\"bde-simple-counter__suffix\"><\/span>\n  <\/p>\n    \t<div class=\"bde-simple-counter__title\" >METROS QUADRADOS  RENOVADOS<\/div>\n  <\/div>\n\n<\/div>\n<\/div><\/div><div class=\"bde-logo-list-301-189 bde-logo-list un-image-carousel-container\">\n\n  <div class=\"un-logo-bar__marquee-content carousel-type__stop-on-hover\">\n                    <div class=\"un-logo-bar__logo-wrapper\">\n          <img decoding=\"async\" src=\"https:\/\/breakdancedemos.com\/elements\/wp-content\/uploads\/sites\/8\/2022\/08\/logo-1.png\">\n        <\/div>\n              <div class=\"un-logo-bar__logo-wrapper\">\n          <img decoding=\"async\" src=\"https:\/\/breakdancedemos.com\/elements\/wp-content\/uploads\/sites\/8\/2022\/08\/logo-2.png\">\n        <\/div>\n              <div class=\"un-logo-bar__logo-wrapper\">\n          <img decoding=\"async\" src=\"https:\/\/breakdancedemos.com\/elements\/wp-content\/uploads\/sites\/8\/2022\/08\/logo-3.png\">\n        <\/div>\n              <div class=\"un-logo-bar__logo-wrapper\">\n          <img decoding=\"async\" src=\"https:\/\/breakdancedemos.com\/elements\/wp-content\/uploads\/sites\/8\/2022\/08\/logo-4.png\">\n        <\/div>\n              <div class=\"un-logo-bar__logo-wrapper\">\n          <img decoding=\"async\" src=\"https:\/\/breakdancedemos.com\/elements\/wp-content\/uploads\/sites\/8\/2022\/08\/logo-5.png\">\n        <\/div>\n              <div class=\"un-logo-bar__logo-wrapper\">\n          <img decoding=\"async\" src=\"https:\/\/breakdancedemos.com\/elements\/wp-content\/uploads\/sites\/8\/2022\/08\/logo-6.png\">\n        <\/div>\n                        <div class=\"un-logo-bar__logo-wrapper\">\n          <img decoding=\"async\" src=\"https:\/\/breakdancedemos.com\/elements\/wp-content\/uploads\/sites\/8\/2022\/08\/logo-1.png\">\n        <\/div>\n              <div class=\"un-logo-bar__logo-wrapper\">\n          <img decoding=\"async\" src=\"https:\/\/breakdancedemos.com\/elements\/wp-content\/uploads\/sites\/8\/2022\/08\/logo-2.png\">\n        <\/div>\n              <div class=\"un-logo-bar__logo-wrapper\">\n          <img decoding=\"async\" src=\"https:\/\/breakdancedemos.com\/elements\/wp-content\/uploads\/sites\/8\/2022\/08\/logo-3.png\">\n        <\/div>\n              <div class=\"un-logo-bar__logo-wrapper\">\n          <img decoding=\"async\" src=\"https:\/\/breakdancedemos.com\/elements\/wp-content\/uploads\/sites\/8\/2022\/08\/logo-4.png\">\n        <\/div>\n              <div class=\"un-logo-bar__logo-wrapper\">\n          <img decoding=\"async\" src=\"https:\/\/breakdancedemos.com\/elements\/wp-content\/uploads\/sites\/8\/2022\/08\/logo-5.png\">\n        <\/div>\n              <div class=\"un-logo-bar__logo-wrapper\">\n          <img decoding=\"async\" src=\"https:\/\/breakdancedemos.com\/elements\/wp-content\/uploads\/sites\/8\/2022\/08\/logo-6.png\">\n        <\/div>\n                        <div class=\"un-logo-bar__logo-wrapper\">\n          <img decoding=\"async\" src=\"https:\/\/breakdancedemos.com\/elements\/wp-content\/uploads\/sites\/8\/2022\/08\/logo-1.png\">\n        <\/div>\n              <div class=\"un-logo-bar__logo-wrapper\">\n          <img decoding=\"async\" src=\"https:\/\/breakdancedemos.com\/elements\/wp-content\/uploads\/sites\/8\/2022\/08\/logo-2.png\">\n        <\/div>\n              <div class=\"un-logo-bar__logo-wrapper\">\n          <img decoding=\"async\" src=\"https:\/\/breakdancedemos.com\/elements\/wp-content\/uploads\/sites\/8\/2022\/08\/logo-3.png\">\n        <\/div>\n              <div class=\"un-logo-bar__logo-wrapper\">\n          <img decoding=\"async\" src=\"https:\/\/breakdancedemos.com\/elements\/wp-content\/uploads\/sites\/8\/2022\/08\/logo-4.png\">\n        <\/div>\n              <div class=\"un-logo-bar__logo-wrapper\">\n          <img decoding=\"async\" src=\"https:\/\/breakdancedemos.com\/elements\/wp-content\/uploads\/sites\/8\/2022\/08\/logo-5.png\">\n        <\/div>\n              <div class=\"un-logo-bar__logo-wrapper\">\n          <img decoding=\"async\" src=\"https:\/\/breakdancedemos.com\/elements\/wp-content\/uploads\/sites\/8\/2022\/08\/logo-6.png\">\n        <\/div>\n                        <div class=\"un-logo-bar__logo-wrapper\">\n          <img decoding=\"async\" src=\"https:\/\/breakdancedemos.com\/elements\/wp-content\/uploads\/sites\/8\/2022\/08\/logo-1.png\">\n        <\/div>\n              <div class=\"un-logo-bar__logo-wrapper\">\n          <img decoding=\"async\" src=\"https:\/\/breakdancedemos.com\/elements\/wp-content\/uploads\/sites\/8\/2022\/08\/logo-2.png\">\n        <\/div>\n              <div class=\"un-logo-bar__logo-wrapper\">\n          <img decoding=\"async\" src=\"https:\/\/breakdancedemos.com\/elements\/wp-content\/uploads\/sites\/8\/2022\/08\/logo-3.png\">\n        <\/div>\n              <div class=\"un-logo-bar__logo-wrapper\">\n          <img decoding=\"async\" src=\"https:\/\/breakdancedemos.com\/elements\/wp-content\/uploads\/sites\/8\/2022\/08\/logo-4.png\">\n        <\/div>\n              <div class=\"un-logo-bar__logo-wrapper\">\n          <img decoding=\"async\" src=\"https:\/\/breakdancedemos.com\/elements\/wp-content\/uploads\/sites\/8\/2022\/08\/logo-5.png\">\n        <\/div>\n              <div class=\"un-logo-bar__logo-wrapper\">\n          <img decoding=\"async\" src=\"https:\/\/breakdancedemos.com\/elements\/wp-content\/uploads\/sites\/8\/2022\/08\/logo-6.png\">\n        <\/div>\n              <\/div>\n<\/div><\/div>\n<\/section>","protected":false},"excerpt":{"rendered":"<p>Quem Somos A Omnirehab desenvolve a sua atividade no setor da constru\u00e7\u00e3o com foco exclusivo na reabilita\u00e7\u00e3o e renova\u00e7\u00e3o de estruturas e edif\u00edcios industriais existentes. A nossa atua\u00e7\u00e3o assenta numa abordagem t\u00e9cnica rigorosa, desde o diagn\u00f3stico inicial at\u00e9 \u00e0 execu\u00e7\u00e3o final, garantindo solu\u00e7\u00f5es adequadas \u00e0s patologias construtivas identificadas e \u00e0s exig\u00eancias de cada projeto. A [&hellip;]<\/p>\n","protected":false},"author":1,"featured_media":0,"parent":0,"menu_order":0,"comment_status":"closed","ping_status":"closed","template":"","meta":{"_acf_changed":false,"_breakdance_hide_in_design_set":false,"_breakdance_tags":"","footnotes":""},"class_list":["post-301","page","type-page","status-publish","hentry"],"acf":[],"_links":{"self":[{"href":"https:\/\/omni.4b.pt\/index.php\/wp-json\/wp\/v2\/pages\/301","targetHints":{"allow":["GET"]}}],"collection":[{"href":"https:\/\/omni.4b.pt\/index.php\/wp-json\/wp\/v2\/pages"}],"about":[{"href":"https:\/\/omni.4b.pt\/index.php\/wp-json\/wp\/v2\/types\/page"}],"author":[{"embeddable":true,"href":"https:\/\/omni.4b.pt\/index.php\/wp-json\/wp\/v2\/users\/1"}],"replies":[{"embeddable":true,"href":"https:\/\/omni.4b.pt\/index.php\/wp-json\/wp\/v2\/comments?post=301"}],"version-history":[{"count":25,"href":"https:\/\/omni.4b.pt\/index.php\/wp-json\/wp\/v2\/pages\/301\/revisions"}],"predecessor-version":[{"id":478,"href":"https:\/\/omni.4b.pt\/index.php\/wp-json\/wp\/v2\/pages\/301\/revisions\/478"}],"wp:attachment":[{"href":"https:\/\/omni.4b.pt\/index.php\/wp-json\/wp\/v2\/media?parent=301"}],"curies":[{"name":"wp","href":"https:\/\/api.w.org\/{rel}","templated":true}]}}